lculate 13 + -22 - -14 - (-2 + 1).
6
What is the value of -84 + 91 + -11 + -1?
-5
What is the value of 4 - 0 - (0 - (-6 + -3))?
-5
What is the value of (-2 - ((-3 - 0) + 4)) + 3?
0
3 - (8 - 5 - -4) - 2
-6
41 + -48 - ((1 - 2) + -12)
6
What is (3 - -5) + 9 + (-8 - 3)?
6
(-3 - 11) + 11 + -9 + 3
-9
What is 3 - (-1 - 2 - (-12 - -7))?
1
(-10 - -2) + -5 + 9
-4
What is the value of (-3 - -2) + (-4 - -8) + -1?
2
What is the value of -14 + (1 - 0) + 5?
-8
Evaluate 51 + -48 + (2 - (1 + 1)).
3
Calculate -12 - (5 + -8 - 4).
-5
Calculate -5 + (-3 - (6 - 10)).
-4
Evaluate -3 - -5 - (10 - (-5 + 7)).
-6
Calculate -19 - -21 - (-1 - 0).
3
What is the value of 0 + 0 + 11 + -5 + -9?
-3
-3 + -1 + 3 + (-11 - -10)
-2
What is -5 + 7 + (-1 - 2) - -1?
0
Evaluate (0 - -3) + 0 + 2 - 1.
4
What is 2 - (2 + 4 + -5)?
1
-1 + -1 + 2 + 3 + -7
-4
Calculate -11 + 5 + -2 + 6.
-2
Calculate 4 - (-8 + 12) - (3 + 4).
-7
Evaluate -34 - -13 - -12 - -6.
-3
What is -2 + -1 + (7 - 6)?
-2
Calculate -4 + 8 + -5 + 0 - -3.
2
Calculate -4 - -3 - (-10 + 4).
5
What is 0 + 2 - (2 + 0 - 1)?
1
-7 - (-2 + 0 + 0 + -1)
-4
What is -4 + (-5 + 0 - -5)?
-4
What is (-2 - -10) + 8 + -8?
8
Evaluate (-4 - 2) + 7 - -3.
4
-6 + 0 - (-27 + 24)
-3
What is the value of -6 + (-1 + -7 + 4 - -6)?
-4
Calculate -16 + 18 + 1 + -4.
-1
Evaluate 6 + -10 + 3 - (-3 - 0).
2
Calculate -2 - 13 - -9 - -9 - -4.
7
Calculate (105 - 100) + -2 + -14.
-11
What is 12 + 14 - 13 - 4?
9
Evaluate 4 - 2 - (-4 - -9).
-3
(-8 - (0 - 17)) + -13
-4
What is the value of -13 + (-10 - (-9 - 5))?
-9
Calculate 4 + (-1 + 1 - 3).
1
-9 - ((5 - 7) + -5 + 3)
-5
Calculate (-2 - (-5 + -1)) + 1.
5
13 - 10 - (-1 + 5 - 1)
0
Calculate -8 + (2 - 0 - 3) + 3.
-6
What is the value of 1 + 1 + (100 - 104)?
-2
-2 - 15 - (-3 - 8)
-6
What is 100 + -103 - (-1 + -8)?
6
What is the value of (-2 - -8) + 9 + (-5 - 5)?
5
What is 2 + -7 + 6 + -3 + 5?
3
What is the value of -3 + (1 - 0) - 1?
-3
What is the value of 1 - 1 - (-9 - -2 - -15)?
-8
Evaluate -2 + 10 + (-6 - -3).
5
Evaluate 4 + 1 + -2 + -4.
-1
What is the value of 0 - (-7 - -4) - 11?
-8
(-5 - -10 - 0) + 1 + -1
5
-9 + -3 + 4 + 4
-4
Calculate 8 + 1 + (-11 - 6 - -13).
5
-3 + (-2 - 2) + 6
-1
What is the value of -6 - (-7 + (7 - 6))?
0
Evaluate 14 - 14 - (2 + 4).
-6
(1 - (1 - 10)) + 27 + -27
10
Evaluate 3 - (2 + -5 - -2) - 1.
3
-1 + 0 + -3 + 2 + -1
-3
What is the value of 4 - (1 + (-2 - -1))?
4
1 + 1 + (-65 - -62)
-1
(2 - 2) + (11 - 5)
6
What is 12 + -10 - 11 - -6?
-3
Calculate 0 + 3 + -1 + -2 + 1.
1
Calculate (2 + -24 - -13) + 11.
2
2 + -1 + -2 + 16 + -18
-3
Evaluate 1 + 1 - (7 + 6 + -7).
-4
Calculate -3 + 6 + 5 + 0 + -4.
4
Evaluate -13 + 45 + -43 + (2 - -1).
-8
What is the value of -2 - 1 - (4 + -2 + -2)?
-3
What is (4 - 3) + (2 - -1)?
4
Calculate 4 - (0 + (-1 - -9)).
-4
(-1 - -1) + (-3 - (0 + -3))
0
Evaluate -2 + 1 + -2 - (0 + -1).
-2
Calculate 6 + (-8 - (7 + -7)).
-2
Calculate 1 + 0 + 0 + 1 + -3.
-1
1 + (2 - ((6 - 7) + -2))
6
What is the value of (-3 - -11) + 3 - 8?
3
-8 + 7 + 5 + -5 + -2
-3
Calculate 2 - -2 - (37 + -34).
1
Evaluate 1 - (0 + -1 - (11 - 12)).
1
What is (18 - 17) + (-1 - 1)?
-1
-1 + 5 + (-6 + 11 - 14)
-5
What is the value of (0 - -3) + -2 + -4?
-3
What is 10 - (-7 + (7 - -9))?
1
3 + -1 + -3 + (-31 - -29)
-3
1 - 5 - (1 + 1 + 0)
-6
Calculate 2 + -5 + 2 - (-1 + 2).
-2
What is 6 + -6 - (-5 - (2 + -5))?
2
What is the value of -1 - (2 + -5 - (-2 + -1))?
-1
What is 1 - (-1 + (3 - 3))?
2
-2 - (1 - 3 - (10 + -11))
-1
Calculate (-10 - -13) + 1 + -9 - -10.
5
238 - 248 - (-2 + (0 - 0))
-8
Evaluate -3 + (-7 + -2 - -13).
1
What is the value of (-5 - -2) + 4 + -4?
-3
What is the value of 5 + -4 + -5 - (0 + -1)?
-3
What is the value of -5 - (-20 - (-16 + 1))?
0
Evaluate (7 - 6) + (-1 - -2) + 1.
3
Evaluate -5 - -9 - 1 - 6.
-3
Evaluate (0 - -3) + (-16 - -14).
1
Calculate (15 - 4) + -4 + -9.
-2
What is 8 + (-16 - -8) - 2?
-2
Evaluate -10 - ((4 - 16) + 8).
-6
What is the value of (-2 - (-6 - (-6 + -1))) + 7?
4
Calculate 2 + -3 + 2 - (-1 + 2).
0
Evaluate -5 - ((-2 - 2) + -2).
1
Evaluate -3 - 0 - (-154 - -150).
1
Calculate 3 + 4 + (1 - 5).
3
Calculate 2 + -2 + 1 + 4 + -6.
-1
-5 - (1 + 0 - 2 - 3)
-1
Evaluate 15 - 10 - (-5 + 3 + 10).
-3
Evaluate 2 - (-1 - (-4 + -4)).
-5
(2 - (-5 + (6 - 4))) + -4
1
(2 - 0) + -2 + -6
-6
What is 2 - ((-7 - -2) + -30 + 40)?
-3
What is the value of -10 + 6 + (-3 - -6)?
-1
4 + -2 - 7 - -7
2
(0 - 1) + 1 - 2
-2
8 - (1 - (-11 - -1))
-3
What is the value of -3 - (-4 + (8 - 1) + -5)?
-1
What is 2 + -4 + -2 - -5?
1
Calculate (8 - 7) + (7 - -1).
9
What is the value of -5 + (-8 + 6 - -3)?
-4
What is 0 + 2 + 4 + 1 + -3?
4
What is the value of 4 + -1 + (-94 - -94)?
3
What is the value of -3 + (9 - -1 - (7 + -3))?
3
Evaluate 1 - (-3 + 0 - -5).
-1
-1 + 1 - -2 - (3 + -1)
0
What is (-6 - -1) + 11 + (-8 - -4)?
2
What is the value of -4 + (1 - -1) + (0 - -6)?
4
What is the value of (-5 - -6) + (2 - 1) - -1?
3
Evaluate (2 - -8) + -66 + 61.
5
What is the value of (-2 - -5 - -5) + -3 + 1?
6
What is (2 - 0) + (8 - 14)?
-4
What is 6 - 1 - (-43 - -47)?
1
Evaluate -10 - (-5 - (4 - (-3 + 12))).
-10
3 - 0 - ((1 - 0) + 4)
-2
-4 + 7 - (3 + -6 + 1)
5
3 + -1 + -2 + 1 - 4
-3
Evaluate -6 + 0 + 2 - (-18 + 19).
-5
What is the value of -10 - (-17 - (-15 + 5))?
-3
(-10 - 5 - -5) + 7
-3
What is the value of (5 - 5) + -1 + 1 - 3?
-3
Calculate -3 + (7 + 2 - 1).
5
Evaluate 2 + (-2 - 1) + (0 - 1).
-2
What is the value of -2 + 4 - (10 + (-3 - 8))?
3
What is -2 + (-8 - -2) + 13?
5
What is the value of 6 + 5 + -3 - 4?
4
Calculate 5 - (6 + (3 - 4)).
0
Calculate -7 + 10 + (-1 - 4).
-2
Calculate 6 - ((5 + -4 - -7) + -4).
2
Calculate -1 - ((-1 - -2) + 2 + -5).
1
Evaluate (-2 - (6 - (5 + -3))) + 13.
7
What is the value of 43 - 33 - ((-2 - -2) + 5)?
5
Calculate -1 - 1 - (-3 + 5 + 1).
-5
What is the value of -2 + -2 + 9 - (-2 + 2)?
5
(-1 - 2) + 2 + (-1 - 1)
-3
What is 1 + 1 + 2 + 0?
4
(0 - -1) + 13 + -8
6
What is the value of (-4 - -13) + -4 - 1?
4
What is the value of 2 + -13 + 7 + 1?
-3
Evaluate 1 + -4 + 3 + -3.
-3
Evaluate 1 + 1 - ((3 - -3) + -3).
-1
What is the value of -10 + 0 + (5 - 0)?
-5
Calculate -8 - (-16 + 14 + -6).
0
Evaluate -4 + (2 - (-3 + 6)) + -2.
-7
What is the value of -9 + 4 + 0 + 6?
1
What is -17 + 7 + 7 + (-1 - -1)?
-3
Calculate -6 + 5 + 5 + -2 + 1.
3
Calculate -2 - (0 - (6 - 1)).
3
-6 - (1 - (-1 - (1 + -4)))
-5
Evaluate -22 + 5 + 3 + (-2 - -7).
-9
Calculate -4 + 8 + -9 + 5.
0
-3 + -8 - (0 - (-11 - -15))
-7
What is the value of 4 + 4 + -5 + -7 + -2?
-6
Calculate -70 + 71 + -4 + 0 + 0.
-3
What is the value of 8 + -15 + -8 + 15?
0
What is the value of 0 + -12 + (5 - -4)?
-3
Calculate (-2 - -2) + 0 + -3.
-3
What is the value of 1 + (4 - 4) + -3?
-2
What is the value of (18 + -7 - 11) + -4?
-4
What is 1 + 2 - 6 - (1 - -1)?
-5
Evaluate 3 - ((-4 - -6) + -1).
2
Evaluate 2 - (-7 - -16 - 10).
3
What is -5 - (0 - -3 - 7)?
-1
Evaluate -12 - (-19 - (8 - 17)).
-2
3 + (6 + -2 - 3) + -4
0
-8 - (8 - (19 - 3))
0
3 - (-1 + 4) - (0 + 1)
-1
9 + -20 - (1 - (7 + -1))
-6
8 + -1 - 4 - 6 - -1
-2
11 + -8 + (-1 - -3) + -1
4
Calculate (-2 - -3 - 1) + -4 - -5.
1
-1 + (1 - 0 - 1) - 4
-5
Calculate -4 - -9 - (5 - -5).
-5
Evaluate 3 + -9 + 2 + (-3 - -3).
-4
Calculate 0 - (-12 + 7 - -3).
2
(0 - -6) + 44 + -53
-3
Evaluate (-8 - -1) + 52 + -47.
-2
What is the value of (-2 - -13) + (-6 - (-10 + 8))?
7
-4 + (-3 - (-7 - -1))
-1
8 + -6 - (-3 + 2)
3
3 - 5 - (-15 - -18)
-5
Calculate -5 - (4 + -1) - -13.
5
What is (1 - 2 - -2) + 0 + 1?
2
Calculate 2 + -4 + 2 + 2 + -5.
-3
0 - (3 + 1 - 8) - 4
0
Calculate 6 - (-2 - 10 - -19).
-1
What is the value of (14 - (3 - -6)) + 1?
6
What is the value of -2 - (2 - 2) - (-52 + 59)?
-9
-1 - (-2 + 1) - 3
-3
Evaluate 3 + 1 - (-10 + 11).
3
What is the value of -2 + (7 - (3 - -3))?
-1
Calculate (-6 - 0) + -2 + (-1 - -5).
-4
What is (6 - 12 - -6) + 4?
4
What is -5 - 14 - -10 - (-1 - 5)?
-3
Calculate -47 - -49 - (2 + -2).
2
Calculate 5 + (4 + -4 - 5).
0
-2 + 0 + -3 + 3
-2
Calculate (-9 - (-9 - 2)) + -7.
-5
What is (-17 - (-4 - 4)) + 14?
5
What is -4 + -7 + 8 + 9?
6
Calculate (2 - 4 - 0) + (1 - 2).
-3
Evaluate (7 + -4 - (-1 - 0)) + -5.
-1
What is the value of (-5 - 0 - -2) + (-1 - -5)?
1
What is -6 + -1 + -5 + 1 + 6?
-5
5 + 3 + -5 + -5 + 6
4
Calculate 7 + 8 + 0 + -12.
3
What is -3 + 2 + 0 + -2?
-3
1 - (-4 + 5 + 2)
-2
What is the value of 7 - (